{"id":36,"date":"2023-04-10T12:06:07","date_gmt":"2023-04-10T12:06:07","guid":{"rendered":"https:\/\/miradasistemica.com\/saltoquantico\/?page_id=36"},"modified":"2025-02-21T15:49:45","modified_gmt":"2025-02-21T15:49:45","slug":"conexao-salto-quantico","status":"publish","type":"page","link":"https:\/\/miradasistemica.com\/saltoquantico\/conexao-salto-quantico\/","title":{"rendered":"Conex\u00e3o &amp; Salto Qu\u00e2ntico"},"content":{"rendered":"\t\t<div data-elementor-type=\"wp-page\" data-elementor-id=\"36\" class=\"elementor elementor-36\" data-elementor-post-type=\"page\">\n\t\t\t\t\t\t<section class=\"elementor-section elementor-top-section elementor-element elementor-element-45923cc elementor-section-boxed elementor-section-height-default elementor-section-height-default\" data-id=\"45923cc\" data-element_type=\"section\" data-e-type=\"section\">\n\t\t\t\t\t\t<div class=\"elementor-container elementor-column-gap-default\">\n\t\t\t\t\t<div class=\"elementor-column elementor-col-50 elementor-top-column elementor-element elementor-element-9c9a660\" data-id=\"9c9a660\" data-element_type=\"column\" data-e-type=\"column\">\n\t\t\t<div class=\"elementor-widget-wrap elementor-element-populated\">\n\t\t\t\t\t\t<div class=\"elementor-element elementor-element-1487cc6 elementor-widget elementor-widget-image\" data-id=\"1487cc6\" data-element_type=\"widget\" data-e-type=\"widget\" data-widget_type=\"image.default\">\n\t\t\t\t<div class=\"elementor-widget-container\">\n\t\t\t\t\t\t\t\t\t\t\t\t\t\t\t<img fetchpriority=\"high\" decoding=\"async\" width=\"627\" height=\"468\" src=\"https:\/\/miradasistemica.com\/saltoquantico\/wp-content\/uploads\/sites\/4\/2025\/02\/Conexao-e-Salto-Quantico_1.jpeg\" class=\"attachment-large size-large wp-image-252\" alt=\"Conex\u00e3o e Salto Qu\u00e2ntico - Mirada Sist\u00e9mica\" srcset=\"https:\/\/miradasistemica.com\/saltoquantico\/wp-content\/uploads\/sites\/4\/2025\/02\/Conexao-e-Salto-Quantico_1.jpeg 627w, https:\/\/miradasistemica.com\/saltoquantico\/wp-content\/uploads\/sites\/4\/2025\/02\/Conexao-e-Salto-Quantico_1-300x224.jpeg 300w\" sizes=\"(max-width: 627px) 85vw, 627px\" \/>\t\t\t\t\t\t\t\t\t\t\t\t\t\t\t<\/div>\n\t\t\t\t<\/div>\n\t\t\t\t\t<\/div>\n\t\t<\/div>\n\t\t\t\t<div class=\"elementor-column elementor-col-50 elementor-top-column elementor-element elementor-element-0595f1e\" data-id=\"0595f1e\" data-element_type=\"column\" data-e-type=\"column\">\n\t\t\t<div class=\"elementor-widget-wrap elementor-element-populated\">\n\t\t\t\t\t\t<div class=\"elementor-element elementor-element-c81607b elementor-widget elementor-widget-image\" data-id=\"c81607b\" data-element_type=\"widget\" data-e-type=\"widget\" data-widget_type=\"image.default\">\n\t\t\t\t<div class=\"elementor-widget-container\">\n\t\t\t\t\t\t\t\t\t\t\t\t\t\t\t<img decoding=\"async\" width=\"627\" height=\"468\" src=\"https:\/\/miradasistemica.com\/saltoquantico\/wp-content\/uploads\/sites\/4\/2025\/02\/Conexao-e-Salto-Quantico_2.jpeg\" class=\"attachment-large size-large wp-image-257\" alt=\"Retiro Conex\u00e3o e Salto Qu\u00e2ntico - Mirada Sist\u00e9mica\" srcset=\"https:\/\/miradasistemica.com\/saltoquantico\/wp-content\/uploads\/sites\/4\/2025\/02\/Conexao-e-Salto-Quantico_2.jpeg 627w, https:\/\/miradasistemica.com\/saltoquantico\/wp-content\/uploads\/sites\/4\/2025\/02\/Conexao-e-Salto-Quantico_2-300x224.jpeg 300w\" sizes=\"(max-width: 627px) 85vw, 627px\" \/>\t\t\t\t\t\t\t\t\t\t\t\t\t\t\t<\/div>\n\t\t\t\t<\/div>\n\t\t\t\t\t<\/div>\n\t\t<\/div>\n\t\t\t\t\t<\/div>\n\t\t<\/section>\n\t\t\t\t<section class=\"elementor-section elementor-top-section elementor-element elementor-element-103e0c6 elementor-section-boxed elementor-section-height-default elementor-section-height-default\" data-id=\"103e0c6\" data-element_type=\"section\" data-e-type=\"section\">\n\t\t\t\t\t\t<div class=\"elementor-container elementor-column-gap-default\">\n\t\t\t\t\t<div class=\"elementor-column elementor-col-100 elementor-top-column elementor-element elementor-element-04f2c88\" data-id=\"04f2c88\" data-element_type=\"column\" data-e-type=\"column\">\n\t\t\t<div class=\"elementor-widget-wrap elementor-element-populated\">\n\t\t\t\t\t\t<div class=\"elementor-element elementor-element-67f5a62 elementor-widget elementor-widget-text-editor\" data-id=\"67f5a62\" data-element_type=\"widget\" data-e-type=\"widget\" data-widget_type=\"text-editor.default\">\n\t\t\t\t<div class=\"elementor-widget-container\">\n\t\t\t\t\t\t\t\t\t<div><p dir=\"auto\">Um convite para nos retirarmos do automatismo do dia-a-dia e permitirmo-nos encontrar momentos de CONEX\u00c3O connosco, com o que a vida nos pede, com o que nos d\u00e1 for\u00e7a e realiza, com a nossa miss\u00e3o .<\/p><p dir=\"auto\">\u00a0Ter a coragem de \u00a0fazermo-nos \u00a0bem a n\u00f3s mesmos e nutrirmo-nos, \u00e9 ter a coragem de tomar a nossa humanidade e a do outro. \u00c9 poder alegrar-nos com o que somos, no individual e no plural.\u00a0<\/p><p dir=\"auto\">\u00c9 a conex\u00e3o que nos transmite bem estar, for\u00e7a interior, criatividade e abund\u00e2ncia. Sensa\u00e7\u00e3o de perten\u00e7a adulta.<\/p><\/div>\t\t\t\t\t\t\t\t<\/div>\n\t\t\t\t<\/div>\n\t\t\t\t\t<\/div>\n\t\t<\/div>\n\t\t\t\t\t<\/div>\n\t\t<\/section>\n\t\t\t\t<section class=\"elementor-section elementor-top-section elementor-element elementor-element-661ad79 elementor-section-boxed elementor-section-height-default elementor-section-height-default\" data-id=\"661ad79\" data-element_type=\"section\" data-e-type=\"section\">\n\t\t\t\t\t\t<div class=\"elementor-container elementor-column-gap-default\">\n\t\t\t\t\t<div class=\"elementor-column elementor-col-50 elementor-top-column elementor-element elementor-element-81a74f8\" data-id=\"81a74f8\" data-element_type=\"column\" data-e-type=\"column\">\n\t\t\t<div class=\"elementor-widget-wrap elementor-element-populated\">\n\t\t\t\t\t\t<div class=\"elementor-element elementor-element-ac83240 elementor-widget elementor-widget-image\" data-id=\"ac83240\" data-element_type=\"widget\" data-e-type=\"widget\" data-widget_type=\"image.default\">\n\t\t\t\t<div class=\"elementor-widget-container\">\n\t\t\t\t\t\t\t\t\t\t\t\t\t\t\t<img decoding=\"async\" width=\"627\" height=\"468\" src=\"https:\/\/miradasistemica.com\/saltoquantico\/wp-content\/uploads\/sites\/4\/2025\/02\/Conexao-e-Salto-Quantico_3.jpeg\" class=\"attachment-large size-large wp-image-271\" alt=\"Retiro Conex\u00e3o e Salto Qu\u00e2ntico - Mirada Sist\u00e9mica\" srcset=\"https:\/\/miradasistemica.com\/saltoquantico\/wp-content\/uploads\/sites\/4\/2025\/02\/Conexao-e-Salto-Quantico_3.jpeg 627w, https:\/\/miradasistemica.com\/saltoquantico\/wp-content\/uploads\/sites\/4\/2025\/02\/Conexao-e-Salto-Quantico_3-300x224.jpeg 300w\" sizes=\"(max-width: 627px) 85vw, 627px\" \/>\t\t\t\t\t\t\t\t\t\t\t\t\t\t\t<\/div>\n\t\t\t\t<\/div>\n\t\t\t\t\t<\/div>\n\t\t<\/div>\n\t\t\t\t<div class=\"elementor-column elementor-col-50 elementor-top-column elementor-element elementor-element-90d002f\" data-id=\"90d002f\" data-element_type=\"column\" data-e-type=\"column\">\n\t\t\t<div class=\"elementor-widget-wrap elementor-element-populated\">\n\t\t\t\t\t\t<div class=\"elementor-element elementor-element-4bf7db9 elementor-widget elementor-widget-image\" data-id=\"4bf7db9\" data-element_type=\"widget\" data-e-type=\"widget\" data-widget_type=\"image.default\">\n\t\t\t\t<div class=\"elementor-widget-container\">\n\t\t\t\t\t\t\t\t\t\t\t\t\t\t\t<img loading=\"lazy\" decoding=\"async\" width=\"627\" height=\"468\" src=\"https:\/\/miradasistemica.com\/saltoquantico\/wp-content\/uploads\/sites\/4\/2025\/02\/WhatsApp-Image-2025-02-21-at-16.37.051.jpeg\" class=\"attachment-large size-large wp-image-272\" alt=\"Retiro Conex\u00e3o e Salto Qu\u00e2ntico - Mirada Sist\u00e9mica\" srcset=\"https:\/\/miradasistemica.com\/saltoquantico\/wp-content\/uploads\/sites\/4\/2025\/02\/WhatsApp-Image-2025-02-21-at-16.37.051.jpeg 627w, https:\/\/miradasistemica.com\/saltoquantico\/wp-content\/uploads\/sites\/4\/2025\/02\/WhatsApp-Image-2025-02-21-at-16.37.051-300x224.jpeg 300w\" sizes=\"(max-width: 627px) 85vw, 627px\" \/>\t\t\t\t\t\t\t\t\t\t\t\t\t\t\t<\/div>\n\t\t\t\t<\/div>\n\t\t\t\t\t<\/div>\n\t\t<\/div>\n\t\t\t\t\t<\/div>\n\t\t<\/section>\n\t\t\t\t<section class=\"elementor-section elementor-top-section elementor-element elementor-element-93fb7fd elementor-section-boxed elementor-section-height-default elementor-section-height-default\" data-id=\"93fb7fd\" data-element_type=\"section\" data-e-type=\"section\">\n\t\t\t\t\t\t<div class=\"elementor-container elementor-column-gap-default\">\n\t\t\t\t\t<div class=\"elementor-column elementor-col-100 elementor-top-column elementor-element elementor-element-9441e9d\" data-id=\"9441e9d\" data-element_type=\"column\" data-e-type=\"column\">\n\t\t\t<div class=\"elementor-widget-wrap elementor-element-populated\">\n\t\t\t\t\t\t<div class=\"elementor-element elementor-element-fa783ae elementor-widget elementor-widget-text-editor\" data-id=\"fa783ae\" data-element_type=\"widget\" data-e-type=\"widget\" data-widget_type=\"text-editor.default\">\n\t\t\t\t<div class=\"elementor-widget-container\">\n\t\t\t\t\t\t\t\t\t<p dir=\"auto\">N\u00f3s somos criadores de condi\u00e7\u00f5es para a mudan\u00e7a, \u00eaxito e expans\u00e3o.\u00a0<\/p><p dir=\"auto\">Um dos caminhos que nos leva \u00e0 conex\u00e3o \u00e9 essencialmente atrav\u00e9s das CONSTELA\u00c7\u00d5ES FAMILIARES e apoiados por uma postura adulta com o grande contributo da an\u00e1lise transacional, de exerc\u00edcios sanadores, de medita\u00e7\u00e3o, da dan\u00e7a, da visualiza\u00e7\u00e3o criativa, de banhos de sol e piscina .<\/p>\t\t\t\t\t\t\t\t<\/div>\n\t\t\t\t<\/div>\n\t\t\t\t\t<\/div>\n\t\t<\/div>\n\t\t\t\t\t<\/div>\n\t\t<\/section>\n\t\t\t\t<\/div>\n\t\t","protected":false},"excerpt":{"rendered":"<p>Um convite para nos retirarmos do automatismo do dia-a-dia e permitirmo-nos encontrar momentos de CONEX\u00c3O connosco, com o que a vida nos pede, com o que nos d\u00e1 for\u00e7a e &hellip; <a href=\"https:\/\/miradasistemica.com\/saltoquantico\/conexao-salto-quantico\/\" class=\"more-link\">Continuar a ler<span class=\"screen-reader-text\"> &#8220;Conex\u00e3o &amp; Salto Qu\u00e2ntico&#8221;<\/span><\/a><\/p>\n","protected":false},"author":1,"featured_media":0,"parent":0,"menu_order":0,"comment_status":"closed","ping_status":"closed","template":"","meta":{"footnotes":""},"class_list":["post-36","page","type-page","status-publish","hentry"],"aioseo_notices":[],"_links":{"self":[{"href":"https:\/\/miradasistemica.com\/saltoquantico\/wp-json\/wp\/v2\/pages\/36","targetHints":{"allow":["GET"]}}],"collection":[{"href":"https:\/\/miradasistemica.com\/saltoquantico\/wp-json\/wp\/v2\/pages"}],"about":[{"href":"https:\/\/miradasistemica.com\/saltoquantico\/wp-json\/wp\/v2\/types\/page"}],"author":[{"embeddable":true,"href":"https:\/\/miradasistemica.com\/saltoquantico\/wp-json\/wp\/v2\/users\/1"}],"replies":[{"embeddable":true,"href":"https:\/\/miradasistemica.com\/saltoquantico\/wp-json\/wp\/v2\/comments?post=36"}],"version-history":[{"count":0,"href":"https:\/\/miradasistemica.com\/saltoquantico\/wp-json\/wp\/v2\/pages\/36\/revisions"}],"wp:attachment":[{"href":"https:\/\/miradasistemica.com\/saltoquantico\/wp-json\/wp\/v2\/media?parent=36"}],"curies":[{"name":"wp","href":"https:\/\/api.w.org\/{rel}","templated":true}]}}