{"id":310,"date":"2025-03-30T18:01:08","date_gmt":"2025-03-30T18:01:08","guid":{"rendered":"https:\/\/miradasistemica.com\/saltoquantico\/?page_id=310"},"modified":"2025-05-22T17:45:15","modified_gmt":"2025-05-22T17:45:15","slug":"presentacion-2","status":"publish","type":"page","link":"https:\/\/miradasistemica.com\/saltoquantico\/es\/","title":{"rendered":"Presentaci\u00f3n"},"content":{"rendered":"\t\t<div data-elementor-type=\"wp-page\" data-elementor-id=\"310\" class=\"elementor elementor-310\" data-elementor-post-type=\"page\">\n\t\t\t\t\t\t<section class=\"elementor-section elementor-top-section elementor-element elementor-element-3459d32 elementor-section-boxed elementor-section-height-default elementor-section-height-default\" data-id=\"3459d32\" data-element_type=\"section\" data-e-type=\"section\">\n\t\t\t\t\t\t<div class=\"elementor-container elementor-column-gap-default\">\n\t\t\t\t\t<div class=\"elementor-column elementor-col-100 elementor-top-column elementor-element elementor-element-287ac17\" data-id=\"287ac17\" data-element_type=\"column\" data-e-type=\"column\">\n\t\t\t<div class=\"elementor-widget-wrap elementor-element-populated\">\n\t\t\t\t\t\t<div class=\"elementor-element elementor-element-9034592 elementor-widget elementor-widget-text-editor\" data-id=\"9034592\" data-element_type=\"widget\" data-e-type=\"widget\" data-widget_type=\"text-editor.default\">\n\t\t\t\t<div class=\"elementor-widget-container\">\n\t\t\t\t\t\t\t\t\t<p>E \u00e9 com muita alegria que convido-Vos para um retiro muito especial :<\/p><p>Retiro de ver\u00e3o \u2013 Conex\u00e3o e Salto Qu\u00e2ntico<\/p><p>Data : Nos dias 27, 28 e 29 de Junho em Terra Raiz \u2013 Alcoba\u00e7a<\/p><p>Local<br \/>Num s\u00edtio cuidado e renovado com uma energia incr\u00edvel na @terra.raiz, estamos a preparar tudo para ti. Para criar as melhores condi\u00e7\u00f5es de conex\u00e3o, desde o programa at\u00e9 ao cuidado do espa\u00e7o, da alimenta\u00e7\u00e3o adequada, do conv\u00edvio e do descanso para ti.<\/p><p>Proposta<br \/>\u00c9 um convite para nos retirarmos do automatismo do dia-a-dia e permitirmo-nos encontrar momentos de CONEX\u00c3O connosco, com o que a vida nos pede, com o que nos d\u00e1 for\u00e7a e realiza. Ter a coragem de fazermo-nos bem a n\u00f3s mesmos e nutrirmo-nos, \u00e9 ter a coragem de tomar a nossa humanidade e a do outro. \u00c9 poder alegrar-nos com o que somos, no individual e no plural.<br \/>\u00c9 a conex\u00e3o que nos transmite bem estar, for\u00e7a interior, criatividade e abund\u00e2ncia. Sensa\u00e7\u00e3o de perten\u00e7a adulta.<\/p><p>Somos criadores de condi\u00e7\u00f5es para a mudan\u00e7a, \u00eaxito e expans\u00e3o.<\/p><p>Metodologias<\/p><p>Um dos caminhos que nos leva \u00e0 conex\u00e3o \u00e9 essencialmente atrav\u00e9s das CONSTELA\u00c7\u00d5ES FAMILIARES e apoiados por uma postura adulta com o grande contributo da an\u00e1lise transacional, do guia interior e da kinesiologia, da terapia do som , de exerc\u00edcios sanadores, medita\u00e7\u00e3o, dan\u00e7a, de banhos de sol e piscina<\/p><p>\ud83c\udf1f\ud83d\udcabCom duas participa\u00e7\u00f5es muito especiais \ud83c\udf1f\ud83d\udcab ver Quem facilita<\/p><p>\u27a1\ufe0f Lugares limitados.<br \/>\u27a1\ufe0f Contacto : N\u00eddia Costa (membro da equipa de consteladores Insconsfa , formadora, terapeuta transpessoal) <a href=\"mailto:nidiacosta@miradasistemica.com\" target=\"_blank\" rel=\"noopener\">nidiacosta@miradasistemica.com<\/a> ou <a href=\"https:\/\/wa.me\/351925430664\" target=\"_blank\" rel=\"noopener\">+351925430664<\/a><\/p>\t\t\t\t\t\t\t\t<\/div>\n\t\t\t\t<\/div>\n\t\t\t\t\t<\/div>\n\t\t<\/div>\n\t\t\t\t\t<\/div>\n\t\t<\/section>\n\t\t\t\t<\/div>\n\t\t","protected":false},"excerpt":{"rendered":"<p>E \u00e9 com muita alegria que convido-Vos para um retiro muito especial : Retiro de ver\u00e3o \u2013 Conex\u00e3o e Salto Qu\u00e2ntico Data : Nos dias 27, 28 e 29 de &hellip; <a href=\"https:\/\/miradasistemica.com\/saltoquantico\/es\/\" class=\"more-link\">Continuar a ler<span class=\"screen-reader-text\"> &#8220;Presentaci\u00f3n&#8221;<\/span><\/a><\/p>\n","protected":false},"author":1,"featured_media":171,"parent":0,"menu_order":0,"comment_status":"closed","ping_status":"closed","template":"","meta":{"footnotes":""},"class_list":["post-310","page","type-page","status-publish","has-post-thumbnail","hentry"],"aioseo_notices":[],"_links":{"self":[{"href":"https:\/\/miradasistemica.com\/saltoquantico\/wp-json\/wp\/v2\/pages\/310","targetHints":{"allow":["GET"]}}],"collection":[{"href":"https:\/\/miradasistemica.com\/saltoquantico\/wp-json\/wp\/v2\/pages"}],"about":[{"href":"https:\/\/miradasistemica.com\/saltoquantico\/wp-json\/wp\/v2\/types\/page"}],"author":[{"embeddable":true,"href":"https:\/\/miradasistemica.com\/saltoquantico\/wp-json\/wp\/v2\/users\/1"}],"replies":[{"embeddable":true,"href":"https:\/\/miradasistemica.com\/saltoquantico\/wp-json\/wp\/v2\/comments?post=310"}],"version-history":[{"count":2,"href":"https:\/\/miradasistemica.com\/saltoquantico\/wp-json\/wp\/v2\/pages\/310\/revisions"}],"predecessor-version":[{"id":364,"href":"https:\/\/miradasistemica.com\/saltoquantico\/wp-json\/wp\/v2\/pages\/310\/revisions\/364"}],"wp:featuredmedia":[{"embeddable":true,"href":"https:\/\/miradasistemica.com\/saltoquantico\/wp-json\/wp\/v2\/media\/171"}],"wp:attachment":[{"href":"https:\/\/miradasistemica.com\/saltoquantico\/wp-json\/wp\/v2\/media?parent=310"}],"curies":[{"name":"wp","href":"https:\/\/api.w.org\/{rel}","templated":true}]}}